-3*d + w + 39, 73 = 4*d - 5*t. What are the prime factors of d?
17
Let p be 3 - 0/(-5 - -3). Suppose f = 5 + p. Suppose 4*r = -b + 2*b - 26, 0 = 2*b + 4*r + f. What are the prime factors of b?
2, 3
Let r(o) = -o**3 - 11*o**2 - 19*o - 8. List the prime factors of r(-10).
2, 41
Let v be 2 - 2/(4/(-110)). List the prime factors of 4/6*v/2.
19
Let u be (3 + 1)*(2 + 0). Let l = u + -3. Suppose i - 35 = 5*a - 96, 0 = -l*a - 4*i + 56. List the prime factors of a.
2, 3
Let t(z) = z + 9. Let f = 26 - 16. List the prime factors of t(f).
19
List the prime factors of 18/81 + (-196)/(-9).
2, 11
Let b(t) = -11*t**3 + t**2 - t - 1. Let h be b(-1). What are the prime factors of (1 + 1)/(2/h)?
2, 3
Let q = -21 + 15. Let t(v) = -v + 3. Let u be t(7). What are the prime factors of q/u*3*2?
3
Let i(j) = 6*j + 10. Let n be i(-13). Let m = n - -100. List the prime factors of m.
2
Let i = -63 - -78. What are the prime factors of i?
3, 5
Suppose 2*j = 6*j + 16. Let n(t) = t**3 + 5*t**2 + 3*t - 2. Let f be n(j). Suppose 0 - 6 = -f*o. What are the prime factors of o?
3
Let y(x) = -11*x**2 + x - 1. Let d be y(1). Let t = 30 + d. List the prime factors of t.
19
Let d = 25 + -25. Let i(b) = 3*b + 34. List the prime factors of i(d).
2, 17
Let v(t) = -t**3 - 6*t**2 - 4*t - 2. What are the prime factors of v(-6)?
2, 11
Let k(r) = r + 18. What are the prime factors of k(0)?
2, 3
Suppose -4*f + l = -172, 0*f - l = f - 38. Let q = f - 29. List the prime factors of q.
13
Let u = 8 - 16. Let w(r) = -r**2 - 8*r. Let x be w(u). Suppose g - 2*c = 8 - x, g + 5*c = 36. What are the prime factors of g?
2
Let r(m) = m + 25. Let a be r(-23). Let n = 2 - 3. List the prime factors of (a/n)/(2/(-17)).
17
Let n(b) = -27*b + 5. Let h be n(-4). Let t = -71 + h. List the prime factors of t.
2, 3, 7
Let a(n) = -n**2 + 13*n + 10. Let j be a(10). Suppose j = -0*i + 5*i. What are the prime factors of i?
2
Let f = -5 + 3. Suppose 2*g + 14 = -16. What are the prime factors of (f + 14/10)*g?
3
Let q be ((-3)/2)/((-1)/6). Let t be 4/6 - (-12)/q. Suppose 3*k + t*k - 35 = 0. What are the prime factors of k?
7
What are the prime factors of (12/27)/(14/63)?
2
Suppose 3*o = -2*o - 50. List the prime factors of (-186)/o - 3/5.
2, 3
Suppose 2*q = -4*c - 2*q + 20, -28 = -5*c - 2*q. Suppose 5*k + c - 69 = x, 32 = 2*k + 3*x. List the prime factors of k.
13
Let d = -32 - -102. Suppose -y = -6*y + d. List the prime factors of y.
2, 7
Let a = 0 - 1. Let y be ((-22)/(-12) + 6/9)*6. Let w = y - a. What are the prime factors of w?
2
Suppose 43 - 27 = 2*x. What are the prime factors of x?
2
Let b be (-44)/12 - 4/(-6). Let z be -3*80/b + -1. Suppose 4*i - z - 13 = 0. List the prime factors of i.
23
Suppose -8*i + 97 + 87 = 0. List the prime factors of i.
23
List the prime factors of (-3)/24 + 1542/48.
2
Let v(s) be the second derivative of 0*s**3 + 10*s**2 + 4*s + 1/12*s**4 + 0. What are the prime factors of v(0)?
2, 5
Let c(u) = -2*u**2 + 3*u + 6. Let v be c(6). Let a = -23 - v. List the prime factors of a.
5
Let j = -16 - -40. What are the prime factors of j?
2, 3
Let b be (-47)/(-5) - 8/20. Suppose -5*g - 41 = -2*c, 31 = 4*c + 2*g + b. What are the prime factors of c?
2
Let c(v) = -3*v**3 - 1. Let y be c(-1). Suppose y*k - 12 = -2*w + k, 3*w - 4*k = 29. List the prime factors of w.
7
Suppose 113*t = 118*t - 850. List the prime factors of t.
2, 5, 17
Let q(u) be the first derivative of 2*u**3/3 - 4*u**2 + 3*u - 2. What are the prime factors of q(5)?
13
Let g(n) = n**3 + 13*n**2 + 11*n + 2. List the prime factors of g(-9).
227
Let z(w) = -5*w**2 - 1. Let v(u) = -11*u**2 - u - 2. Let n(x) = 6*v(x) - 13*z(x). What are the prime factors of n(-5)?
2, 3
Suppose -5*p = 2*x - 7*x + 270, 196 = 4*x + p. Suppose 5*o + t = 2*t + 162, 4*t - 56 = -2*o. Let r = x - o. What are the prime factors of r?
2, 3
Suppose 3*m + 3*q = -q + 6, 5*m - 5*q = 10. Let n be 0*-1*(m + -1). Suppose -2*w + 21 - 1 = n. List the prime factors of w.
2, 5
Let t(j) = j**2 - j + 9. Let w be t(0). Let g(v) = v**2 + 7*v + 1. Let o be g(-6). Let s = w + o. What are the prime factors of s?
2
Let l(j) = 16*j - 26. List the prime factors of l(6).
2, 5, 7
Let w(y) = -2*y**3 - 2*y**2 + 5*y + 3. Suppose -j - 1 - 2 = 0. List the prime factors of w(j).
2, 3
Suppose -5*k = 56 - 181. List the prime factors of k.
5
Suppose -l - 5*d + 65 = 0, -3*l = 4*d - 327 + 132. Let k = -39 + l. Suppose -u + k = u. List the prime factors of u.
13
Let l(u) = -9*u + 16. List the prime factors of l(-8).
2, 11
Let l(o) be the first derivative of 0*o**2 + 0*o**2 + 2*o + 3 - 3*o - 6*o**2. What are the prime factors of l(-1)?
11
What are the prime factors of (-4)/((-20)/(-15)) - -8?
5
Let h(g) = 4*g**3 - 5*g. List the prime factors of h(3).
3, 31
List the prime factors of (-20 + 30)/(2/5).
5
Suppose -5*i - 5*v = -v + 6, -10 = -3*i + v. Suppose -p - i*p = 0. What are the prime factors of (p + 6)/(3/2)?
2
Suppose -h = 5*b - 1396, 4*b + 5*h - 1003 - 118 = 0. What are the prime factors of b?
3, 31
Let j = -3 + 7. Suppose -j*z - z = 40. Let m = 7 - z. List the prime factors of m.
3, 5
Let i(j) = -j**3 - 5*j**2 + j + 8. Let q be i(-5). Suppose 45 = 3*b + 3*y - 5*y, q*b = 4*y + 51. What are the prime factors of b?
13
Let g(z) = z**2 - 4*z - z**2 - 1 + 0*z + z**3. List the prime factors of g(3).
2, 7
Suppose -2*h - h = -126. List the prime factors of h.
2, 3, 7
Let i(o) = -12*o + 1. Let f be i(-2). Suppose -3*z - f = -8*z. Suppose 3 = -z*y + 53. List the prime factors of y.
2, 5
Let y(v) = v**2 - 6*v - 7. Let j be y(8). Suppose -j = -4*u + 31. List the prime factors of u.
2, 5
Let z(h) = h - 5. Let y be z(4). List the prime factors of 23 - (1 + 2) - y.
3, 7
Let k(l) = l + 39*l**2 + 10*l**2 - 11*l**2. What are the prime factors of k(-1)?
37
Let u(n) = n**3 - 11*n**2 + 4*n. Let a be ((-66)/(-9))/(2/3). List the prime factors of u(a).
2, 11
Let i(g) = 2*g - 2. Let j be i(-4). Let o = 27 + j. List the prime factors of o.
17
Let p(v) = v + 5. Let l be p(-3). Suppose k = -2*k. Let f = k + l. List the prime factors of f.
2
List the prime factors of (592/(-20))/(1*(-2)/10).
2, 37
Let a = 15 + -9. What are the prime factors of (-26)/a*3/(-1)?
13
List the prime factors of (-920)/(-14) - 4/(-14).
2, 3, 11
Suppose -4*t + 102 + 94 = 0. List the prime factors of t.
7
What are the prime factors of (-5)/((-15)/84) - -3?
31
Let h = -200 + 587. What are the prime factors of h?
3, 43
What are the prime factors of (11 - 12)*53/(-1)?
53
Let x(i) = 14*i**2 - 10*i + 5. List the prime factors of x(3).
101
List the prime factors of (47 - -7)/(1/1).
2, 3
Suppose -19 = -f - 5*m + 88, -2*f + 242 = -4*m. List the prime factors of f.
3, 13
Suppose 2*j - 150 = -5*c, 0*j = 3*c + 2*j - 86. Suppose 0 = -y - 2*n + c, 2*y + n - 37 = 15. What are the prime factors of y?
2, 3
Suppose 0 = d + 3*d - 520. Suppose 0 = 2*t + 3*t - d. List the prime factors of t.
2, 13
Suppose 2*r = -z + 78, -107 = -5*r + 4*z + 114. List the prime factors of r.
41
Let g = 166 + -69. List the prime factors of g.
97
Suppose -r = 4*s - 4*r - 6, -2*s + 2 = -2*r. Suppose y - s*d - 3 = 0, -6*y + 3*d + 12 = -4*y. List the prime factors of y.
3
Let o(p) = p + 8. Let b be o(-7). What are the prime factors of b + -4 - (-9 - 0)?
2, 3
Let g(o) = o**3 - 5*o**2 + 6*o - 6. Let b = 11 - 7. Let j be g(b). Suppose -21 = -3*x + j*k, 0*x - 4*x + 42 = 2*k. What are the prime factors of x?
3
Suppose -2*t + 3*k = -15, -5*k - 28 = -3. List the prime factors of 4/8*(t - -4).
2
Let r(u) = -u**2 + 8*u + 5. Let o be r(8). Suppose 0*i = -3*v - o*i - 12, -2*i = -3*v - 33. Let t = 4 - v. List the prime factors of t.
13
Let i(a) = 6*a - 1. Let c(q) = q**2 - 6*q - 6. Let r(h) = -h - 1. Let b(m) = 2*c(m) - 11*r(m). Let n be b(-1). What are the prime factors of i(n)?
11
Let t(x) = 6*x + 1. Let a be t(-1). Let c be (0 - 0)/(a + 3). Suppose -5*g = -c*g - 35. List the prime factors of g.
7
Let g be -9 + 0 + (2 - 3). Let h(r) = -r**2 - 10*r + 5. Let x be h(g). Suppose -6*b + x*b = -6. List the prime factors of b.
2, 3
Let s = 162 + -652. List the prime factors of (0 - 4) + s/(-14).
31
Suppose -4*h + 6*h = 4. Suppose 0 = -h*x + 11 + 7. List the prime factors of x.
3
Let s = 142 - 94. List the prime factors of s.
2, 3
Suppose 3*a + 0*a - 201 = -3*x, -4*x - 82 = -a. List the prime factors of a.
2